{"id":40,"date":"2021-06-16T20:47:04","date_gmt":"2021-06-16T20:47:04","guid":{"rendered":"https:\/\/www.bursachiptuning.com\/?page_id=40"},"modified":"2022-01-16T16:27:20","modified_gmt":"2022-01-16T16:27:20","slug":"dpf-dizel-partikul-filtresi-iptali","status":"publish","type":"page","link":"https:\/\/www.otobilisim.com\/hizmet\/dpf-dizel-partikul-filtresi-iptali\/","title":{"rendered":"DPF \u0130ptali | kfi-flowchart"},"content":{"rendered":"<p>Dizel partik\u00fcl filtresi s\u00fcrekli t\u0131kanmas\u0131 ve hata vermesiyle bir \u00e7ok ara\u00e7 kullan\u0131c\u0131s\u0131n\u0131n ba\u015f\u0131n\u0131 a\u011fr\u0131tan onlara s\u00fcrekli sorunlar \u00e7\u0131karan bir par\u00e7ad\u0131r. Siz de arac\u0131n\u0131zda bu s\u0131k\u0131nt\u0131lar\u0131 ya\u015f\u0131yorsan\u0131z \u00f6ncelikle dizel partik\u00fcl filtresi ne i\u015fe yarar, neden t\u0131kan\u0131r ve nas\u0131l iptal edilir hakk\u0131nda size bilgiler vermek istedik.<\/p>\n<h1><strong>Dizel Partik\u00fcl Filtre (DPF) Nedir?<\/strong><\/h1>\n<p>DPF, Dizel partik\u00fcl filtresi, egzoz emisyon de\u011ferlerini d\u00fc\u015f\u00fcrmek amac\u0131yla kullan\u0131lan motor egzoz sistemleri par\u00e7as\u0131d\u0131r. Dizel partik\u00fcl filtresinin \u00e7al\u0131\u015fma prensibi ise, \u00e7evreye zararl\u0131 partik\u00fclleri tutmak ve i\u00e7erisinde hapsetmektir. Emisyon standartlar\u0131 gere\u011fi euro 4 ara\u00e7lar\u0131n baz\u0131lar\u0131nda bulunurken, euro 5 ve euro 6 ara\u00e7lar\u0131n hepsinde dizel partik\u00fcl filtresi bulunmaktad\u0131r.<\/p>\n<hr>\n<p>\u0130stedi\u011finiz \u00dcr\u00fcne ait detayl\u0131 bilgi, fiyat i\u00e7in bizi arayabilir veya Whatsapp dan destek alabilirsiniz !<\/p>\n<h4 style=\"text-align: center;\"><a href=\"tel:0224 441 16 26\"><strong>0224 441 16 26<\/strong><\/a>&nbsp; |&nbsp;&nbsp;<a href=\"tel:05315731363\"><strong>0531&nbsp;573 13 63<\/strong><\/a><\/h4>\n<p>WhatsApp \u00fczerinden mesajla\u015farak sorular\u0131n\u0131z\u0131, hizmet ve \u00fcr\u00fcnler hakk\u0131nda destek alabilirsiniz!<\/p>\n<p><a href=\"https:\/\/api.whatsapp.com\/send?phone=+905315731363&amp;text=otobilisim.com%20WhatsApp%20Destek\"><img loading=\"lazy\" class=\"wp-image-388 size-full aligncenter\" src=\"https:\/\/www.otobilisim.com\/wp-content\/uploads\/2022\/01\/whatsappotobilisim.jpg\" alt=\"\" width=\"400\" height=\"73\" srcset=\"https:\/\/www.otobilisim.com\/hizmet\/wp-content\/uploads\/2022\/01\/whatsappotobilisim.jpg 400w, https:\/\/www.otobilisim.com\/hizmet\/wp-content\/uploads\/2022\/01\/whatsappotobilisim-300x55.jpg 300w\" sizes=\"(max-width: 400px) 100vw, 400px\" \/><\/a><\/p>\n<hr>\n<p>Volkswagen, Seat, Opel, Honda, Fiat, Toyota, Alfa Romeo, Skoda, Mazda, Renault, Chevrolet, Ford, Kia, Hyundai, Peugeot, Citroen, Subaru ve di\u011fer markalara hizmet verilmektedir.<\/p>\n<p>V\u0130P H\u0130ZMET\u0130M\u0130Z Porsche, Mini, Land Rover, Mercedes, Bmw, Audi, Volvo ara\u00e7lar\u0131n\u0131z i\u00e7in l\u00fctfen bizi aray\u0131n!<\/p>\n<h2><strong>Dizel Partik\u00fcl Filtresi (DPF) T\u0131kanmas\u0131<\/strong><\/h2>\n<p>D\u00fc\u015f\u00fck kaliteli yak\u0131tlar kullanma, yak\u0131t ya da hava sistemindeki baz\u0131 aksakl\u0131klar nedeniyle k\u00f6t\u00fc yanma, d\u00fc\u015f\u00fck h\u0131zda uzun s\u00fcre ara\u00e7 kullanma, yo\u011fun trafikte uzun s\u00fcre ara\u00e7 kullanma, arac\u0131 uzun s\u00fcre r\u00f6lantide b\u0131rakma, motorun ya\u011f yakmas\u0131 gibi sebepler dizel partik\u00fcl filtresi (DPF)\u2019nin t\u0131kanmas\u0131na sebep olabilir.<\/p>\n<h3><strong>Dizel Partik\u00fcl Filtre (DPF) \u0130ptali<\/strong><\/h3>\n<p>S\u00fcrekli tekrar eden t\u0131kanma sorununun kesin \u00e7\u00f6z\u00fcm\u00fc dizel partik\u00fcl filtresi (DPF)<strong>\u2018<\/strong>yi iptal ettirmektir. \u0130ptal s\u00fcrecini mekanik ve yaz\u0131l\u0131msal olmak \u00fczere 2 a\u015famada ger\u00e7ekle\u015ftiriyoruz. Mekanik a\u015famada filtrenin i\u00e7ini bo\u015falt\u0131p, ses \u00e7\u0131kmas\u0131n\u0131 \u00f6nlemek i\u00e7in \u00e7e\u015fitli giri\u015fimler yap\u0131yoruz. Yaz\u0131l\u0131msal a\u015famada ise, motorun beyninden yaz\u0131l\u0131msal olarak&nbsp;<strong>dpf (dizel partik\u00fcl filtresi) iptali<\/strong>ni ger\u00e7ekle\u015ftiriyoruz. B\u00f6ylece sizi s\u00fcrekli hata veren, t\u0131kanan ve ba\u015f\u0131n\u0131z\u0131 a\u011fr\u0131tan dizel partik\u00fcl filtresinden kurtarm\u0131\u015f oluyoruz.<\/p>\n<p><strong>Dpf (dizel partik\u00fcl filtresi) iptali&nbsp;<\/strong>yapt\u0131rmak isteyen kullan\u0131c\u0131lar\u0131n ak\u0131llar\u0131ndaki en b\u00fcy\u00fck soru i\u015faret ise, iptal sonras\u0131 muayenede bir s\u0131k\u0131nt\u0131 ya\u015fay\u0131p ya\u015famayacaklar\u0131 oluyor. Kataliz\u00f6r ile ayr\u0131 \u00fcnite olan sistemlerde dizel partik\u00fcl filtresinin iptali muayenede hi\u00e7bir sorun \u00e7\u0131karmaz. Kataliz\u00f6r ile birlikte tek \u00fcnite olan sistemlerde ise kataliz\u00f6r\u00fcn de iptali gerekli oldu\u011fu i\u00e7in bu i\u015flemin uzmanlar taraf\u0131ndan yap\u0131lmas\u0131 ve arac\u0131n iyice de\u011ferlendirilmesi gerekir.<\/p>\n<p>Biz, uzman kadrolu ekibimizle size rahats\u0131zl\u0131k veren dizel partik\u00fcl filtrelerini profesyonel bir \u015fekilde iptal ediyor, sonras\u0131nda arac\u0131n\u0131zda ya da muayenede size bir s\u0131k\u0131nt\u0131 \u00e7\u0131kmamas\u0131 i\u00e7in var g\u00fcc\u00fcm\u00fczle \u00e7al\u0131\u015f\u0131yoruz. Dizel partik\u00fcl filtresi iptali gibi \u00f6nemli i\u015fleriniz i\u00e7in size yard\u0131mc\u0131 olmaya haz\u0131r\u0131z!<\/p>\n","protected":false},"excerpt":{"rendered":"<p>Dizel partik\u00fcl filtresi s\u00fcrekli t\u0131kanmas\u0131 ve hata vermesiyle bir \u00e7ok ara\u00e7 kullan\u0131c\u0131s\u0131n\u0131n ba\u015f\u0131n\u0131 a\u011fr\u0131tan onlara s\u00fcrekli sorunlar \u00e7\u0131karan bir par\u00e7ad\u0131r. Siz de arac\u0131n\u0131zda bu s\u0131k\u0131nt\u0131lar\u0131 ya\u015f\u0131yorsan\u0131z \u00f6ncelikle dizel partik\u00fcl filtresi ne i\u015fe yarar, neden t\u0131kan\u0131r ve nas\u0131l iptal edilir hakk\u0131nda size bilgiler vermek istedik. Dizel Partik\u00fcl Filtre (DPF) Nedir? DPF, Dizel partik\u00fcl filtresi, egzoz emisyon [&hellip;]<\/p>\n","protected":false},"author":1,"featured_media":399,"parent":0,"menu_order":0,"comment_status":"closed","ping_status":"closed","template":"","meta":{"ngg_post_thumbnail":0},"aioseo_notices":[],"_links":{"self":[{"href":"https:\/\/www.otobilisim.com\/hizmet\/wp-json\/wp\/v2\/pages\/40"}],"collection":[{"href":"https:\/\/www.otobilisim.com\/hizmet\/wp-json\/wp\/v2\/pages"}],"about":[{"href":"https:\/\/www.otobilisim.com\/hizmet\/wp-json\/wp\/v2\/types\/page"}],"author":[{"embeddable":true,"href":"https:\/\/www.otobilisim.com\/hizmet\/wp-json\/wp\/v2\/users\/1"}],"replies":[{"embeddable":true,"href":"https:\/\/www.otobilisim.com\/hizmet\/wp-json\/wp\/v2\/comments?post=40"}],"version-history":[{"count":6,"href":"https:\/\/www.otobilisim.com\/hizmet\/wp-json\/wp\/v2\/pages\/40\/revisions"}],"predecessor-version":[{"id":85,"href":"https:\/\/www.otobilisim.com\/hizmet\/wp-json\/wp\/v2\/pages\/40\/revisions\/85"}],"wp:featuredmedia":[{"embeddable":true,"href":"https:\/\/www.otobilisim.com\/hizmet\/wp-json\/wp\/v2\/media\/399"}],"wp:attachment":[{"href":"https:\/\/www.otobilisim.com\/hizmet\/wp-json\/wp\/v2\/media?parent=40"}],"curies":[{"name":"wp","href":"https:\/\/api.w.org\/{rel}","templated":true}]}}