{"id":107,"date":"2021-06-20T12:14:18","date_gmt":"2021-06-20T12:14:18","guid":{"rendered":"https:\/\/www.bursachiptuning.com\/?page_id=107"},"modified":"2022-01-17T06:28:38","modified_gmt":"2022-01-17T06:28:38","slug":"bursa-otomobil-chip-tuning","status":"publish","type":"page","link":"https:\/\/www.otobilisim.com\/hizmet\/bursa-otomobil-chip-tuning\/","title":{"rendered":"Bursa Otomobil Chip Tuning"},"content":{"rendered":"<p><img loading=\"lazy\" class=\"alignnone wp-image-108 size-full\" src=\"https:\/\/www.bursachiptuning.com\/wp-content\/uploads\/2021\/06\/otomobilchiptuning.jpg\" alt=\"\" width=\"1200\" height=\"750\" srcset=\"https:\/\/www.otobilisim.com\/hizmet\/wp-content\/uploads\/2021\/06\/otomobilchiptuning.jpg 1200w, https:\/\/www.otobilisim.com\/hizmet\/wp-content\/uploads\/2021\/06\/otomobilchiptuning-300x188.jpg 300w, https:\/\/www.otobilisim.com\/hizmet\/wp-content\/uploads\/2021\/06\/otomobilchiptuning-1024x640.jpg 1024w, https:\/\/www.otobilisim.com\/hizmet\/wp-content\/uploads\/2021\/06\/otomobilchiptuning-768x480.jpg 768w\" sizes=\"(max-width: 1200px) 100vw, 1200px\" \/><\/p>\n<hr>\n<p>Bursa Chip Tuning ( EcuStop ) olarak Bursa&#8217;da otomobil, otob\u00fcs,kamyon,t\u0131r, kep\u00e7e, trakt\u00f6r, bi\u00e7erd\u00f6ver gibi motor kontrol \u00fcnitesine sahip t\u00fcm motorlu ta\u015f\u0131tlara yaz\u0131l\u0131m ve donan\u0131m deste\u011fi sa\u011flamaktay\u0131z.<\/p>\n<p>yaz\u0131l\u0131m deste\u011fi motor kontrol \u00fcnitesinin (ECU) hava \u015fartlar\u0131, iklim, \u00fclke \u015fartlar\u0131ndaki yak\u0131t\u0131n kalitesi g\u00f6z \u00f6n\u00fcnde bulundurularak yeniden programlanmas\u0131 i\u015flemidir.<\/p>\n<p>G\u00fcn\u00fcm\u00fcz modern teknolojisi sayesinde hem daha ekonomik hem daha g\u00fc\u00e7l\u00fc ara\u00e7lar kullanabilmek m\u00fcmk\u00fcn olmaya ba\u015flad\u0131. Fakat ya\u015fad\u0131\u011f\u0131m\u0131z hava ko\u015fullar\u0131(oksijen oran\u0131), yak\u0131t \u015fartlar\u0131 ve kullan\u0131m karasti\u011fini \u00f6n planda tutan ara\u00e7 \u00fcretim firmalar\u0131 ara\u00e7lar\u0131n \u00e7\u0131karabilece\u011fi g\u00fcc\u00fcn \u00e7ok daha alt\u0131nda piyasaya s\u00fcr\u00fcyorlar. Burda da yine chip tuning devreye giriyor. Biz sizin arac\u0131n\u0131zdaki gizli kalan bu g\u00fcc\u00fc ortaya \u00e7\u0131kar\u0131yoruz ve bunu standart bir \u015fekilde yapm\u0131yoruz. \u00c7\u00fcnk\u00fc bizde ara\u00e7 \u00fcreticileri gibi t\u00fcm etkenleri ve s\u00fcr\u00fc\u015f profillerini g\u00f6z \u00f6n\u00fcnde bulundurarak ortam \u015fartlar\u0131na uygun, optimum g\u00fc\u00e7 art\u0131\u015f\u0131n\u0131 sizlere sunuyoruz.<\/p>\n<hr>\n<p>\u0130stedi\u011finiz \u00dcr\u00fcne ait detayl\u0131 bilgi, fiyat i\u00e7in bizi arayabilir veya Whatsapp dan destek alabilirsiniz !<\/p>\n<h4 style=\"text-align: center;\"><a href=\"tel:0224 441 16 26\"><strong>0224 441 16 26<\/strong><\/a>&nbsp; |&nbsp;&nbsp;<a href=\"tel:05315731363\"><strong>0531&nbsp;573 13 63<\/strong><\/a><\/h4>\n<p>WhatsApp \u00fczerinden mesajla\u015farak sorular\u0131n\u0131z\u0131, hizmet ve \u00fcr\u00fcnler hakk\u0131nda destek alabilirsiniz!<\/p>\n<p><a href=\"https:\/\/api.whatsapp.com\/send?phone=+905315731363&amp;text=otobilisim.com%20WhatsApp%20Destek\"><img loading=\"lazy\" class=\"wp-image-388 size-full aligncenter\" src=\"https:\/\/www.otobilisim.com\/wp-content\/uploads\/2022\/01\/whatsappotobilisim.jpg\" alt=\"\" width=\"400\" height=\"73\" srcset=\"https:\/\/www.otobilisim.com\/hizmet\/wp-content\/uploads\/2022\/01\/whatsappotobilisim.jpg 400w, https:\/\/www.otobilisim.com\/hizmet\/wp-content\/uploads\/2022\/01\/whatsappotobilisim-300x55.jpg 300w\" sizes=\"(max-width: 400px) 100vw, 400px\" \/><\/a><\/p>\n<hr>\n<p>Volkswagen, Seat, Opel, Honda, Fiat, Toyota, Alfa Romeo, Skoda, Mazda, Renault, Chevrolet, Ford, Kia, Hyundai, Peugeot, Citroen, Subaru ve di\u011fer markalara hizmet verilmektedir.<\/p>\n<p>V\u0130P H\u0130ZMET\u0130M\u0130Z Porsche, Mini, Land Rover, Mercedes, Bmw, Audi, Volvo ara\u00e7lar\u0131n\u0131z i\u00e7in l\u00fctfen bizi aray\u0131n!<\/p>\n","protected":false},"excerpt":{"rendered":"<p>Bursa Chip Tuning ( EcuStop ) olarak Bursa&#8217;da otomobil, otob\u00fcs,kamyon,t\u0131r, kep\u00e7e, trakt\u00f6r, bi\u00e7erd\u00f6ver gibi motor kontrol \u00fcnitesine sahip t\u00fcm motorlu ta\u015f\u0131tlara yaz\u0131l\u0131m ve donan\u0131m deste\u011fi sa\u011flamaktay\u0131z. yaz\u0131l\u0131m deste\u011fi motor kontrol \u00fcnitesinin (ECU) hava \u015fartlar\u0131, iklim, \u00fclke \u015fartlar\u0131ndaki yak\u0131t\u0131n kalitesi g\u00f6z \u00f6n\u00fcnde bulundurularak yeniden programlanmas\u0131 i\u015flemidir. G\u00fcn\u00fcm\u00fcz modern teknolojisi sayesinde hem daha ekonomik hem daha g\u00fc\u00e7l\u00fc [&hellip;]<\/p>\n","protected":false},"author":1,"featured_media":0,"parent":0,"menu_order":0,"comment_status":"closed","ping_status":"closed","template":"","meta":{"ngg_post_thumbnail":0},"aioseo_notices":[],"_links":{"self":[{"href":"https:\/\/www.otobilisim.com\/hizmet\/wp-json\/wp\/v2\/pages\/107"}],"collection":[{"href":"https:\/\/www.otobilisim.com\/hizmet\/wp-json\/wp\/v2\/pages"}],"about":[{"href":"https:\/\/www.otobilisim.com\/hizmet\/wp-json\/wp\/v2\/types\/page"}],"author":[{"embeddable":true,"href":"https:\/\/www.otobilisim.com\/hizmet\/wp-json\/wp\/v2\/users\/1"}],"replies":[{"embeddable":true,"href":"https:\/\/www.otobilisim.com\/hizmet\/wp-json\/wp\/v2\/comments?post=107"}],"version-history":[{"count":2,"href":"https:\/\/www.otobilisim.com\/hizmet\/wp-json\/wp\/v2\/pages\/107\/revisions"}],"predecessor-version":[{"id":458,"href":"https:\/\/www.otobilisim.com\/hizmet\/wp-json\/wp\/v2\/pages\/107\/revisions\/458"}],"wp:attachment":[{"href":"https:\/\/www.otobilisim.com\/hizmet\/wp-json\/wp\/v2\/media?parent=107"}],"curies":[{"name":"wp","href":"https:\/\/api.w.org\/{rel}","templated":true}]}}